{"id":14,"date":"2023-05-23T13:30:13","date_gmt":"2023-05-23T13:30:13","guid":{"rendered":"http:\/\/cz-gebaeudetechnik.de\/?page_id=14"},"modified":"2023-05-23T13:34:59","modified_gmt":"2023-05-23T13:34:59","slug":"impressum","status":"publish","type":"page","link":"http:\/\/cz-gebaeudetechnik.de\/start\/impressum\/","title":{"rendered":""},"content":{"rendered":"<h1 class=\"wp-block wp-block-post-title block-editor-block-list__block editor-post-title editor-post-title__input rich-text is-selected\" role=\"textbox\" contenteditable=\"true\" aria-label=\"Titel hier eingeben\" aria-multiline=\"true\">Impressum<\/h1>\n<h2>Angaben gem\u00e4\u00df \u00a7 5 TMG<\/h2>\n<p>CZ-Geb\u00e4udetechnik GmbH<br \/>\nKronenstrasse 17a<br \/>\n47829 Krefeld<\/p>\n<p>Handelsregister: HRB 19729<br \/>\nRegistergericht: Amtsgericht Krefeld<\/p>\n<p><strong>Vertreten durch:<\/strong><br \/>\nFranka K\u00fcrten<\/p>\n<h2>Kontakt<\/h2>\n<p>Telefon: +49 (0) 2151 5184369<br \/>\nE-Mail: info@cz-gebaeudetechnik.de<\/p>\n<h2>Umsatzsteuer-ID<\/h2>\n<p>Umsatzsteuer-Identifikationsnummer gem\u00e4\u00df \u00a7 27 a Umsatzsteuergesetz:<br \/>\nDE360431542<\/p>\n<h2>Redaktionell verantwortlich<\/h2>\n<p>Franka K\u00fcrten<br \/>\nKronenstrasse 17a<br \/>\n47829 Krefeld<\/p>\n<h2>EU-Streitschlichtung<\/h2>\n<p>Die Europ\u00e4ische Kommission stellt eine Plattform zur Online-Streitbeilegung (OS) bereit: <a href=\"https:\/\/ec.europa.eu\/consumers\/odr\/\" target=\"_blank\" rel=\"noopener noreferrer\">https:\/\/ec.europa.eu\/consumers\/odr\/<\/a>.<br \/>\nUnsere E-Mail-Adresse finden Sie oben im Impressum.<\/p>\n<h2>Verbraucher\u00adstreit\u00adbeilegung\/Universal\u00adschlichtungs\u00adstelle<\/h2>\n<p>Wir nehmen an einem Streitbeilegungsverfahren vor einer Verbraucherschlichtungsstelle teil. Zust\u00e4ndig ist die Universalschlichtungsstelle des Zentrums f\u00fcr Schlichtung e.V., Stra\u00dfburger Stra\u00dfe 8, 77694 Kehl am Rhein (<a href=\"https:\/\/www.verbraucher-schlichter.de\" target=\"_blank\" rel=\"noopener noreferrer\">https:\/\/www.verbraucher-schlichter.de<\/a>).<\/p>\n<p>Quelle: <a href=\"https:\/\/www.e-recht24.de\/impressum-generator.html\">https:\/\/www.e-recht24.de\/impressum-generator.html<\/a><\/p>\n","protected":false},"excerpt":{"rendered":"<p>Impressum Angaben gem\u00e4\u00df \u00a7 5 TMG CZ-Geb\u00e4udetechnik GmbH Kronenstrasse 17a 47829 Krefeld Handelsregister: HRB 19729 Registergericht: Amtsgericht Krefeld Vertreten durch: Franka K\u00fcrten Kontakt Telefon: +49 (0) 2151 5184369 E-Mail: info@cz-gebaeudetechnik.de [&hellip;]<\/p>\n","protected":false},"author":1,"featured_media":0,"parent":0,"menu_order":0,"comment_status":"closed","ping_status":"closed","template":"","meta":{"_EventAllDay":false,"_EventTimezone":"","_EventStartDate":"","_EventEndDate":"","_EventStartDateUTC":"","_EventEndDateUTC":"","_EventShowMap":false,"_EventShowMapLink":false,"_EventURL":"","_EventCost":"","_EventCostDescription":"","_EventCurrencySymbol":"","_EventCurrencyCode":"","_EventCurrencyPosition":"","_EventDateTimeSeparator":"","_EventTimeRangeSeparator":"","_EventOrganizerID":[],"_EventVenueID":[],"_OrganizerEmail":"","_OrganizerPhone":"","_OrganizerWebsite":"","_VenueAddress":"","_VenueCity":"","_VenueCountry":"","_VenueProvince":"","_VenueState":"","_VenueZip":"","_VenuePhone":"","_VenueURL":"","_VenueStateProvince":"","_VenueLat":"","_VenueLng":"","_VenueShowMap":false,"_VenueShowMapLink":false},"_links":{"self":[{"href":"http:\/\/cz-gebaeudetechnik.de\/start\/wp-json\/wp\/v2\/pages\/14"}],"collection":[{"href":"http:\/\/cz-gebaeudetechnik.de\/start\/wp-json\/wp\/v2\/pages"}],"about":[{"href":"http:\/\/cz-gebaeudetechnik.de\/start\/wp-json\/wp\/v2\/types\/page"}],"author":[{"embeddable":true,"href":"http:\/\/cz-gebaeudetechnik.de\/start\/wp-json\/wp\/v2\/users\/1"}],"replies":[{"embeddable":true,"href":"http:\/\/cz-gebaeudetechnik.de\/start\/wp-json\/wp\/v2\/comments?post=14"}],"version-history":[{"count":2,"href":"http:\/\/cz-gebaeudetechnik.de\/start\/wp-json\/wp\/v2\/pages\/14\/revisions"}],"predecessor-version":[{"id":46,"href":"http:\/\/cz-gebaeudetechnik.de\/start\/wp-json\/wp\/v2\/pages\/14\/revisions\/46"}],"wp:attachment":[{"href":"http:\/\/cz-gebaeudetechnik.de\/start\/wp-json\/wp\/v2\/media?parent=14"}],"curies":[{"name":"wp","href":"https:\/\/api.w.org\/{rel}","templated":true}]}}